562 + 1489?
-20
Evaluate (23 - ((16 - (-11 - -28)) + 8)) + -32.
-16
What is the value of 9 + -1 - (1 - 2) - (5 + 47)?
-43
What is the value of -11 + -4 + 14 + 3 + 21?
23
What is the value of 60 + (0 - 8) + -230 + 227?
49
Calculate -18 - (22 + -28 + -11) - (-41 - 1).
41
-3 + -1 + (121 - (270 + -112))
-41
What is the value of (-9 - (0 + 2)) + 26?
15
What is the value of 77 + 62 + -98 + -53?
-12
Evaluate 167 + (-29 - -14) + -103.
49
What is -99 + 14 + (10 + -5 - -1) + 0?
-79
Evaluate 12 + -9 + (-1 - (-1 - -22 - (5 + 3))).
-11
What is the value of 10 + (0 - 1 - (711 + -646))?
-56
Evaluate 6 - 17 - ((-25 - 37) + -43).
94
What is 122 + (32 - (249 + -128))?
33
What is 9 - (5 - (10 + -11 - 17))?
-14
What is the value of 25 - (1 + 31) - -37?
30
Evaluate -8 - (-27 + (-10 - 13) + 55 + -1 + 53).
-65
What is 8220 + -8316 - (-6 - 0)?
-90
What is (2 - -3 - 0) + (-119 - -113) + (-87 - -215)?
127
What is 3 + -5 + -3 + -3 - (-3 - (-12 - 2))?
-19
What is the value of -84 + 179 + -105 - (-1 - 122 - -3)?
110
(-2 - (-3 - -17)) + (32 - (-7 - -26 - -4))
-7
What is (1 + -15 - -10) + 9 - (3 + 34 + 5)?
-37
What is the value of (-27 - (5 + 1 + -66)) + 41?
74
Evaluate -1 + 14 + -2 + -1 + (448 - (908 - 470)).
20
What is 73 + (-33 - (-28 + -2 + -14))?
84
-35 - (-56 - (0 - 57))
-36
46 + (-105 + 68 - -16)
25
Calculate 39 - (-67 - (-233 + 106)).
-21
Calculate -23 + 16 - (66 - 56 - (1 + -13 + 5)).
-24
What is the value of (-9 - (-1 + 2)) + (234 - 211) + 44?
57
What is -2318 + 2304 + (16 - 0)?
2
What is the value of 88 + -80 + -7 + (14 - (-2 - 0))?
17
Calculate 5 - -43 - (730 - 730).
48
-21 + 1 + 3 + 4 + -1 - 31
-45
What is (2 - (-2 - -2)) + 97 - (-22053 - -22061)?
91
What is the value of 8 + (-19 - (-45 - -61)) - -41?
14
Calculate (-18 - -3) + 10 - (-12 + -14).
21
What is -8 + (40 - -2) + -27 + 16 - -5?
28
(-96 - (-4 - 0) - (5 - (-10 - -20))) + 11
-76
Calculate ((10 - -15) + 6 - 1) + 8.
38
-2 - 11 - (1 + 42 + (123 - 62) + -45)
-72
What is 51 + (8 - (-5 - -25)) + 8 + 9 + 7?
63
What is -3 - (1 - 3) - (7 + (-38 - -17 - 5))?
18
74 + -138 + -23 + 168
81
Evaluate (9 - 14) + 12 + (-49 - -1) + -13 + 12.
-42
What is 69 + 40 + -123 + 62 + 3 + -2?
49
Evaluate (39 - 72) + (-92 - -9).
-116
45 - (86 - (144 - 45))
58
What is 2624 - 2646 - (4 - (9 - 4) - (1 + 2))?
-18
What is (-3 + 10 - 0) + -2 + (-87 - (-5 + -15))?
-62
Calculate 5 - ((0 - -53) + 19 + (0 - 19)).
-48
Evaluate (19 - 18) + (36 - (-49 + 15)).
71
Evaluate (30 - (126 - 107)) + -30.
-19
What is the value of 9 + (31 + -38 - -27)?
29
-14 + (-133 + 54 - -55)
-38
What is the value of 38 + -11 + -45 - 22?
-40
Evaluate -30 + 13 - (-80 - -38).
25
What is -15 + 2 - (137 - (80 - -6))?
-64
What is -9 + (74 - 66) - 69?
-70
Calculate 52 - -104 - 185 - 37.
-66
Calculate 15 + 9 + 76 + 9 + 4 - (-4 - 5).
122
Calculate 0 + 1 + -4 - (195 + -111 + -71).
-16
Evaluate (6 - 10 - -21) + (-91 - -121).
47
What is -13 + (-5 - (12 - 13)) + 11 + 8?
2
Calculate (111 + -59 - 97) + -9.
-54
Calculate (3599 - 3611) + -3 + (0 - -72).
57
4 + 6 + -84 + 32 + -33
-75
What is the value of 3 - (6 + -12 + 54 + 11 + -12)?
-44
What is the value of 0 + -2 + (10 - (22 + -35)) - 11?
10
Calculate 2 + 2 + 13 + 0 + (87 - 50) + -10.
44
-91 + (157 - 53) + 28
41
What is 25 + (-47 - -32 - 8) - (0 + 13) - 51?
-62
Evaluate 7 - (30 + (-7 - -35)).
-51
Calculate 4 + (12 - -6) - (-6 - -21).
7
What is 819 + -898 + 0 + 111?
32
What is -5 + -5 + 9 - (-61 + (22 - 25))?
63
Calculate -68 - ((-18 - -1) + (-537 - -515)).
-29
What is the value of 37 + -41 + -1 + -6 - -6?
-5
What is the value of -16 - (10 + -22) - (16 + -43)?
23
What is the value of -4 - (-32 - -4) - (-17 - (-53 - -48))?
36
Calculate -1 - ((0 - -1) + -482 + 472 - -11).
-3
Calculate 54 + (-3 - 85) - 23.
-57
Evaluate (0 - 0 - (-3 + 8)) + (-9 - -28).
14
What is 10 + -10 - ((-49 - -34) + 5 + -3 + 2)?
11
What is 31 + -8 + -4 + -3 + 7?
23
Calculate 54 + 1 - (52 - (-4 + 10)).
9
What is the value of -4 + 19 + ((-12 - -7) + -4 - (0 - 0))?
6
(-2 + 0 - (0 + 6 + -1)) + (489 - 493)
-11
Calculate 62 + (54 + -31 - 81) + (0 + 2 - -87).
93
Calculate -137 - ((-42 + 65 - 50) + -22).
-88
Evaluate -13 + (-49 - -62) - (-5 - (4 + 2)).
11
Calculate 106 - 136 - (-7 + (2 - 12) + 5).
-18
0 + 7 + -9 + (3 - (-2 + -50))
53
(5 - 35) + 15 + 26 + 27
38
Calculate 32 - 69 - (33 - 15).
-55
Evaluate -19 + 3 - (-57 + 15) - (0 + -12).
38
What is the value of 15 + 4 + -9 - (39 + 3) - 3?
-35
Calculate 3 - (26 + (-4 - (-11 - -17))) - -84.
71
-56 - -73 - (9 - (7 + 2) - -153)
-136
What is the value of (10 - 2 - (22 + -1)) + 0 - -29?
16
Evaluate -14 + -2 + 50 + (13 - -13).
60
Evaluate 39 + (27 - 14 - 26) + -55.
-29
What is the value of -73 - (-26 + (-2 - -25) + (-6 - -11))?
-75
What is 31 + -20 + (2 - (5 - -10)) + (0 - -5)?
3
0 + -22 + (49 + -21 - (-2 - -21)) - 29
-42
Calculate 43 - 13 - (-17 - (-7 - (-3 - -8))).
35
Calculate (1 - 43 - (-6791 - -6751)) + (-2 - -1) + 2.
-1
What is the value of 130 + -31 + -4 + -121?
-26
Calculate 6 + (-8 - -2 - 11) + -23.
-34
Calculate 2 + (2 - 0) - (2 + 117 - 119).
4
What is 1666 + -1761 - (0 + -10)?
-85
What is the value of (-131 - -43) + 115 + 9 + -2?
34
(-4 - 1) + 7 + (57 + -2 - 5) - -1
53
What is the value of -48 - (-143 + 113 + (0 - -10))?
-28
Calculate 149 - (-125 + 258 + -73).
89
What is -5 + 1 + 1 + 5 - (-12 + -35 + 37)?
12
What is 45 + (57 + -39 - 79) - (-58 + 0)?
42
What is the value of -4 + -1 + -63 + 17 + -85?
-136
Evaluate 126 + 21 + -222 + 80.
5
-33 + 18 + (-14 - -3)
-26
Calculate (-14 + -7 + 15 - (-7 + -104)) + -11.
94
Evaluate -4 - -66 - (-5 + -7 + 19 + 0).
55
Calculate -4 + 5 + (38 + -49 - (-1 - 10)) + -49.
-48
Evaluate 17 - (14 + -23 + 28) - 32.
-34
What is 561 - 604 - ((-1 - 11) + 1)?
-32
Calculate -58 - (-120 + 44) - 56.
-38
Calculate 47 + -101 - (8 + -1 + (17 + -24 - -5)).
-59
What is the value of (-160 - -16 - 12) + (-17 + 31 - 4)?
-146
What is (-12 - (33 + 0 + -57)) + 1 + 12?
25
Evaluate 4 - (-60 + 61) - 21.
-18
What is -15 + 24 + -13 - -18 - -14?
28
What is (-2 + 3 - -5) + (-198 - -221)?
29
What is the value of (-14 - -53) + -43 + 2 + 1 + -11?
-12
Evaluate -36 + (9 - 1) + (37 - 59) + 6.
-44
Calculate (50 - 42) + -10 + 27.
25
What is the value of (-60 - ((10 - 16) + -7)) + 9?
-38
What is the value of -102 - (26 + -50) - 6 - 13?
-97
11 + -98 - (-21 - 22)
-44
Evaluate -7 - (0 + (-1 - -8 - -6) + -8).
-12
What is the value of (0 - (6 - (-9 + 7))) + 10 + (-34 - -2)?
-30
Calculate (31 - (-8 - -17 - 9 - -7)) + 2.
26
What is the value of (-19 - -18) + 1 - -2 - (-2 + -75 - -1)?
78
0 + -98 + (-117 - -96 - (-6 - 3))
-110
Calculate (-78 - 7 - (-1 + -5)) + 13 - 8.
-74
Evaluate (-50 - (-22 - -2)) + 12 - (2 + 1).
-21
What is the value of (0 - -13 - (69 + -57)) + -2 + -13?
-14
Evaluate (26 - -1 - 16) + (-20 - (5 + -13)) + -42.
-43
What is (-128 - -45) + -88 - -97?
-74
Evaluate 2 - -89 - (23 + -29 + -6 + 17).
86
Calculate -84 + (-18 - -20) + 48.
-34
What is (-70 - (97 + -154)) + -12 + 3 + -1?
-23
What is (-27 - -38 - -41) + -40?
12
What is the value of -34 + -45 + 58 + -79 - (15 + 1)?
-116
Calculate -2673 - -2867 - (-3 + 88).
109
What is -47 - -42 - (11 + -17 + (4 - 83))?
80
What is (2 - -21) + 4978 + -5106?
-105
What is the value of -131 - (9 + -15 + (-16 - -5) + 6)?
-120
What is -6 - (-61 - (-14 + (18 - 15 - -7)))?
51
Calculate 24 + (11 - 20) + 2 - 59.
-42
What is 4 + 2 + -5 - -3 - (-12 + 0 + -8)?
24
What is -3 - -5 - 4 - (18234 - 18258)?
22
Evaluate -38 + (-29 - (-42 + 2) - -35).
8
-27 + (-7 - -4 - (60 - 63))
-27
What is the value of 37 - ((-16 - -53) + -5)?
5
What is the value of (-3 - -8) + -3 + (76 - 148)?
-70
Evaluate 2378 - 2324 - (-2 - -63).
-7
Calculate 1 - (18 - 1) - (-502 - -520).
-34
Evaluate -146 - -128 - (9 + -15 - (-3 + 4)).
-11
What is the value of -34 + 47 - -11 - 12?
12
Calculate (3 - -3 - (202 + -105 - (0 - -3))) + -6.
-94
-119 + -115 + 192 + 25
-17
What is the value of (-19 - (-21 + 11)) + 5 - 9 - 0?
-13
(-35 - (-16 + 29 + -19 + 0)) + -12
-41
Calculate 2 + -8 - ((-3 - -42) + (71 - 97)).
-19
-163 + (14 - -44) + 54
-51
Evaluate -112 - (-44 - (-101 - -118)).
-51
Evaluate -14 + 22 + 18 + -12.
14
Evaluate 12 + -14 - (-4 + -8 + 11) - -49.
48
Calculate (7 - (1 - 1 - -1) - (281 - 243)) + 10.
-22
What is the value of 4 - (-122 + (142 - 90))?
74
Evaluate (32 + -26 - -55) + -2.
59
Evaluate ((4 - -7) + -14 - (-1 + 1)) + 85 + 